r?
False
Let x = -152 + 33. Let n be x/(-51) + 4/6. Let h(d) = 212*d**2 - 6*d - 1. Is h(n) composite?
False
Let z = -623 - -627. Suppose n - 11810 = -3*u, -z*n + 47264 = -7*u + 11*u. Is n composite?
True
Suppose 15 + 50 = 5*k. Suppose 22 - k = 3*l. Suppose l*m - 2727 = 5964. Is m prime?
True
Suppose 3*i + 2*i = 101*i - 15957024. Is i prime?
True
Suppose -1219374 - 1768171 = 13*n - 18*n. Is n composite?
True
Let d(j) = 47*j - 4. Suppose -f = f, -6 = -2*n - 2*f. Let l be d(n). Let x = l - 79. Is x composite?
True
Suppose -86*f - 67*f - 41*f = -292428034. Is f prime?
False
Let f be 10/25 + 70813/5. Suppose -6*x - f = -9*x. Is x prime?
True
Is (8 - ((-6479628)/60 - 2))/(3/15) a prime number?
False
Suppose 12*s = -69780 - 70968. Let x = -8086 - s. Is x a prime number?
True
Let n be 12/(-8) - (-46)/(-4). Let k(g) = g**3 + 13*g**2 - 2*g - 27. Let t be k(n). Is (3/(-5))/t - 34056/(-90) a composite number?
False
Let t be 1984203/135 - 2/(-10). Suppose -7*b - t = -9*b. Is b prime?
True
Suppose s - 2*n = n + 32, -3*s = -3*n - 108. Let f = s - -119. Is f composite?
False
Suppose -419*y = -415*y - 76. Let x(a) = a**3 + a**2 + 7*a + 2. Is x(y) prime?
False
Let m be 11/121*11 + (-1399 - -1). Let s = m + 5838. Is s a prime number?
True
Let q(x) = -x**3 - 9*x**2 - x - 5. Let f be q(-9). Suppose 4*m + 4*u = 1048, -5*m + f*u = -0*m - 1337. Let c = m - 12. Is c a prime number?
False
Let u = -123 + 244. Suppose -134*d + u*d = -103961. Is d a composite number?
True
Suppose -b + 5 - 12 = -n, -n - 1 = 3*b. Let p be (4 - (33 + 1))*(-2)/n. Is 22656/p - (7 + -2) a composite number?
True
Let j(o) = o**3 + 7*o + 21. Let a be j(-2). Is (a/((-3)/(-25762)))/(6/(-9)) prime?
False
Let c(p) = -14*p + 28. Let j be c(6). Let t be (748/5)/(j/(-1540)). Let a = 5875 - t. Is a composite?
True
Let z(f) = 6*f**3 + 5*f - 5. Let h be z(1). Is 22510*h/12 + 0 prime?
False
Suppose -4*x - x = -i - 8, -16 = -5*x - 3*i. Suppose -s + x = -0*s. Suppose -m - s*m = -885. Is m composite?
True
Let h(c) = -c**3 - c**2 + 4*c + 7. Let r be h(-2). Let a be (0/(-1))/(3 - (-2 + r)). Is 3*((-537)/(-9) - a) composite?
False
Suppose -33*g - 174018 = -4*u - 31*g, -3*u + 9*g + 130566 = 0. Is u a composite number?
True
Suppose -3*f = n - 346510, 3*f + 5*n - 294650 = 51864. Is f a composite number?
True
Suppose -3*u = u + 184. Let g = 34 + u. Is 0 + -4*g/16 + 188 composite?
False
Let v(b) = -44056*b + 8479. Is v(-12) a composite number?
True
Suppose -n = -6*n + 492454 - 108009. Is n prime?
False
Suppose -2*q + 84950 = -c, -5*c - 78432 - 6510 = -2*q. Suppose 18767 + q = 13*o. Is o a composite number?
True
Is (1702602/8 - -2) + (-1 - (-3)/4) prime?
True
Is (2956536/48)/((-9)/(-6)) a composite number?
True
Is (14/105 + (-9091136)/120)/(2/(-3)) a composite number?
True
Suppose -99*u + 120*u - 85827 = 0. Suppose u + 28908 = 5*s - i, s - 6599 = -2*i. Is s a composite number?
False
Let q = 36 - 29. Suppose -10*i - 4*k + 32601 = -q*i, 2*k - 10865 = -i. Is i prime?
False
Suppose -4932 = r - 13112. Suppose 16*a - 12*a - r = 0. Is a composite?
True
Let u(j) = -125*j**2 + 9*j - 7. Let x be u(10). Let m = x - -22026. Suppose -15*v = -12*v - m. Is v a composite number?
False
Let p(x) be the first derivative of -x**4/4 + x**2/2 - x - 24. Let i(f) = -10*f**3 + 5*f**2 + 8*f + 1. Let d(r) = i(r) - 3*p(r). Is d(-3) prime?
True
Let j = -88602 - -124819. Is j a composite number?
False
Let l = -108631 - -240484. Is l a prime number?
False
Let m(o) = -o**3 + 13*o**2 + 3*o - 30. Let u be (3 - 91/35)*20. Is m(u) prime?
False
Let s(q) = -2597*q + 188. Suppose 94 = -7*w - 11. Is s(w) a prime number?
False
Let a(d) = -203*d**3 - d**2 - 2*d - 65. Is a(-11) a prime number?
True
Let o = 629 + 930. Is o prime?
True
Suppose -40981 = -3*o + 98828. Is o a composite number?
True
Let v = -374 + 392. Is (-2259)/v*(-66)/3 - -6 a composite number?
False
Let h = -292 + -105. Let x = -266 - h. Is x a prime number?
True
Is (71178/8)/((-11)/(28864/(-48))) a prime number?
False
Suppose -4*w - w = 4*y - 3024, -5*w = 0. Let u = -3400 + y. Let k = u + 5851. Is k a prime number?
False
Let c = -2120 + 3597. Is 10*c/(-28)*(-42)/15 a prime number?
False
Suppose -5*r + 410785 = -4*h, 5*r - 12*h = -13*h + 410760. Is r composite?
False
Let m = -1676 - -1031. Is ((-310)/30)/(5/m) a composite number?
True
Let b(p) = -23*p**3 + 3*p**2 + 6*p - 1. Let s(a) = a**2 + 10*a + 6. Let o be s(-7). Let h = o + 12. Is b(h) a prime number?
False
Let d = 61754 - 41642. Suppose x - 9*x = -d. Let s = 4271 - x. Is s a composite number?
True
Is ((-136)/374)/((-2)/3253547) prime?
False
Let k be (-4)/(-12) + (-16)/(-6) - -34. Let p(r) = 42 + k*r + 7*r - 71. Is p(14) a composite number?
False
Suppose 1375179 = 55*c + 68*c - 245100. Is c prime?
False
Suppose 4*y + 8*t = 9*t + 21, 2*t + 2 = 0. Is 977*(8 - (8 - y)) prime?
False
Let f be ((-6)/4)/((-7)/(-2) - 4). Let t(j) = j**3 - 3*j**2 + 2*j - 1. Let s be t(f). Suppose 4*d - 2348 = -4*k - 0*d, s*d + 2348 = 4*k. Is k prime?
True
Let c(v) = 11*v**3 + 47*v**2 + 20*v - 2. Let b(r) = -5*r**3 - 24*r**2 - 10*r + 1. Let p(h) = 11*b(h) + 6*c(h). Is p(6) prime?
True
Is 31570625/450 + 5/90 composite?
False
Suppose -m + 395 = -111. Let w = m - -1172. Suppose -w = -2*o + 276. Is o prime?
True
Suppose -5*i = -5*y + 17740, 21*i - 24*i - 4*y - 10665 = 0. Let m = -2040 - i. Is m prime?
True
Let g(s) = s + 5. Let p be g(-5). Suppose -2*z + 0 - 4 = p, -2*d - 3*z = -22. Is 15/(-35) + 14860/d composite?
False
Suppose 3*l + 3*t - 14776 = 1460, 2*l - 5*t - 10831 = 0. Let n = l - 1506. Is n composite?
False
Let x = 416700 - -45473. Is x a composite number?
True
Let n = 193 - 123. Let y = n + -477. Let j = -273 - y. Is j composite?
True
Let f(a) = -13*a + 809. Let t be -5 + (3 - -3 - 1). Is f(t) a prime number?
True
Let r(h) = -9119*h + 482. Is r(-15) composite?
True
Let b(g) be the third derivative of -g**6/60 - 17*g**5/60 - 7*g**4/12 - 7*g**3/6 - 44*g**2. Is b(-12) a composite number?
True
Let m(b) be the first derivative of -26 - 3 - 213*b**2 + 20*b + 6 - 3*b. Is m(-2) prime?
False
Let p = 326167 + -216528. Is p prime?
True
Let v(r) = 44*r**3 + 3*r**2 - 23*r + 1. Let d be v(6). Let h = d - 2382. Is h a composite number?
True
Let s(r) = 24*r**3 - 4*r**2 + 4*r - 6. Let n be s(4). Let b = n - 751. Suppose -20*i + 1089 = -b. Is i composite?
True
Suppose 0 = -3*d - 90*d - 12*d + 31923570. Is d a prime number?
False
Suppose 3*c - 17 = -2*u + 3*u, -2*u = 3*c - 29. Suppose -16*r + c*r + 40563 = 0. Is r a prime number?
True
Let i be (2 - 0)*3/2. Let f be (-32)/6 + 155/465. Is (471/(i/(-1)))/1*f prime?
False
Is 113*(-6)/4*(-24 + 33460/(-30)) a prime number?
False
Let v be (12/4)/3*-19. Let p = v + 23. Suppose 2*k + l - 2*l = 279, 0 = -p*l - 4. Is k composite?
False
Suppose 0 = 3*d - 9, -3*h - 351129 = -4*h + 4*d. Is -2 + h/24 - 22/(-176) composite?
False
Suppose -2*v = -y + 40, 0 = 4*v + 15 + 5. Is (91525/(-6))/(-7) + (-5)/y prime?
True
Let w(x) = x**3 + 5*x**2 - 5*x + 8. Let o be w(-6). Let c be (o/(-6))/((-2)/(-6)). Is ((-1)/(-3))/c*-6*17 composite?
True
Suppose -5*j = -41365 - 13815. Is (j/(-11))/(-4) - (-10)/55 a composite number?
False
Suppose -38*a + 11710167 + 10560788 = -3*a. Is a composite?
False
Suppose -3*k + 6250 = 2*k. Suppose -43*h = -48*h - 1685. Let z = k + h. Is z composite?
True
Suppose -13*q + 7588042 = -35*q. Is q/(-17) - 4 - 4/(-34) a prime number?
False
Suppose w = -3*j + 20, 0 = -2*w - j + 3*j. Suppose 0 = -3*o - 7 - 5, w*z = 2*o + 26803. Is z a composite number?
True
Let j(y) = -35 + y**2 + 2*y**2 + 34 - 93*y. Is j(41) a composite number?
False
Suppose -x + 5*b + 29602 = -150010, 0 = -3*x + 5*b + 538846. Is x a prime number?
False
Is (15 + -14)*133317/9 a composite number?
False
Let b = -246 + 253. Let h(u) be the first derivative of 444*u**2 - 19*u - 7. Is h(b) composite?
False
Suppose 5098 = 8*c - 16302. Suppose 0 = 2*f + 3*r, r + 28 = 2*f + 2*f. Suppose -2*l = f, -t = t + l - c. Is t prime?
False
Let v(h) = 518*h**2 - 497*h + 1. Is v(-8) a composite number?
True
Let v = 147210 - 75187. Is v composite?
True
Let a = -44 + 51. Suppose 0*m + a*m = 7. Is m*5/(-20) - (-573)/4 a composite number?
True
Suppose -6*q = -8*q - 3*r + 2645, -2*q - r + 2651 = 0. Suppose -2506 - q = -h. Is h prime?
True
Suppose m - 2*r - 257347 = 0, -4*m + 219702 = -3*r -